{"version":"1.0","provider_name":"Interim Management | EIM Spain","provider_url":"https:\/\/www.eim.com\/es","author_name":"marketinges","author_url":"https:\/\/www.eim.com\/es\/author\/marketinges\/","title":"idiCo (anteriormente conocido como Omnes) adquiere participaci\u00f3n en EIM Group","type":"rich","width":600,"height":338,"html":"<blockquote class=\"wp-embedded-content\" data-secret=\"medw62xcSc\"><a href=\"https:\/\/www.eim.com\/es\/news\/omnes-adquiere-participacion-en-eim-group\/\">idiCo (anteriormente conocido como Omnes) adquiere participaci\u00f3n en EIM Group<\/a><\/blockquote><iframe sandbox=\"allow-scripts\" security=\"restricted\" src=\"https:\/\/www.eim.com\/es\/news\/omnes-adquiere-participacion-en-eim-group\/embed\/#?secret=medw62xcSc\" width=\"600\" height=\"338\" title=\"\u00abidiCo (anteriormente conocido como Omnes) adquiere participaci\u00f3n en EIM Group\u00bb \u2014 Interim Management | EIM Spain\" data-secret=\"medw62xcSc\" frameborder=\"0\" marginwidth=\"0\" marginheight=\"0\" scrolling=\"no\" class=\"wp-embedded-content\"><\/iframe><script type=\"text\/javascript\">\n\/* <![CDATA[ *\/\n\/*! This file is auto-generated *\/\n!function(d,l){\"use strict\";l.querySelector&&d.addEventListener&&\"undefined\"!=typeof URL&&(d.wp=d.wp||{},d.wp.receiveEmbedMessage||(d.wp.receiveEmbedMessage=function(e){var t=e.data;if((t||t.secret||t.message||t.value)&&!\/[^a-zA-Z0-9]\/.test(t.secret)){for(var s,r,n,a=l.querySelectorAll('iframe[data-secret=\"'+t.secret+'\"]'),o=l.querySelectorAll('blockquote[data-secret=\"'+t.secret+'\"]'),c=new RegExp(\"^https?:$\",\"i\"),i=0;i<o.length;i++)o[i].style.display=\"none\";for(i=0;i<a.length;i++)s=a[i],e.source===s.contentWindow&&(s.removeAttribute(\"style\"),\"height\"===t.message?(1e3<(r=parseInt(t.value,10))?r=1e3:~~r<200&&(r=200),s.height=r):\"link\"===t.message&&(r=new URL(s.getAttribute(\"src\")),n=new URL(t.value),c.test(n.protocol))&&n.host===r.host&&l.activeElement===s&&(d.top.location.href=t.value))}},d.addEventListener(\"message\",d.wp.receiveEmbedMessage,!1),l.addEventListener(\"DOMContentLoaded\",function(){for(var e,t,s=l.querySelectorAll(\"iframe.wp-embedded-content\"),r=0;r<s.length;r++)(t=(e=s[r]).getAttribute(\"data-secret\"))||(t=Math.random().toString(36).substring(2,12),e.src+=\"#?secret=\"+t,e.setAttribute(\"data-secret\",t)),e.contentWindow.postMessage({message:\"ready\",secret:t},\"*\")},!1)))}(window,document);\n\/\/# sourceURL=https:\/\/www.eim.com\/es\/wp-includes\/js\/wp-embed.min.js\n\/* ]]> *\/\n<\/script>\n","thumbnail_url":"https:\/\/www.eim.com\/es\/wp-content\/uploads\/sites\/10\/2023\/03\/EIM-idico.png","thumbnail_width":1200,"thumbnail_height":672,"description":"En EIM Espa\u00f1a - Executive Interim Management estamos encantados de anunciar que el fondo de inversi\u00f3n idiCo (anteriormente conocido como Omnes) acaba de adquirir una participaci\u00f3n minoritaria en EIM Group. Esta asociaci\u00f3n impulsar\u00e1 el objetivo de reforzar nuestro liderazgo en Europa..."}

idiCo (anteriormente conocido como Omnes) adquiere participación en EIM Group

<blockquote class="wp-embedded-content" data-secret="medw62xcSc"><a href="https://www.eim.com/es/news/omnes-adquiere-participacion-en-eim-group/">idiCo (anteriormente conocido como Omnes) adquiere participación en EIM Group</a></blockquote><iframe sandbox="allow-scripts" security="restricted" src="https://www.eim.com/es/news/omnes-adquiere-participacion-en-eim-group/embed/#?secret=medw62xcSc" width="600" height="338" title="«idiCo (anteriormente conocido como Omnes) adquiere participación en EIM Group» — Interim Management | EIM Spain" data-secret="medw62xcSc" frameborder="0" marginwidth="0" marginheight="0" scrolling="no" class="wp-embedded-content"></iframe><script type="text/javascript">
/* <![CDATA[ */
/*! This file is auto-generated */
!function(d,l){"use strict";l.querySelector&&d.addEventListener&&"undefined"!=typeof URL&&(d.wp=d.wp||{},d.wp.receiveEmbedMessage||(d.wp.receiveEmbedMessage=function(e){var t=e.data;if((t||t.secret||t.message||t.value)&&!/[^a-zA-Z0-9]/.test(t.secret)){for(var s,r,n,a=l.querySelectorAll('iframe[data-secret="'+t.secret+'"]'),o=l.querySelectorAll('blockquote[data-secret="'+t.secret+'"]'),c=new RegExp("^https?:$","i"),i=0;i<o.length;i++)o[i].style.display="none";for(i=0;i<a.length;i++)s=a[i],e.source===s.contentWindow&&(s.removeAttribute("style"),"height"===t.message?(1e3<(r=parseInt(t.value,10))?r=1e3:~~r<200&&(r=200),s.height=r):"link"===t.message&&(r=new URL(s.getAttribute("src")),n=new URL(t.value),c.test(n.protocol))&&n.host===r.host&&l.activeElement===s&&(d.top.location.href=t.value))}},d.addEventListener("message",d.wp.receiveEmbedMessage,!1),l.addEventListener("DOMContentLoaded",function(){for(var e,t,s=l.querySelectorAll("iframe.wp-embedded-content"),r=0;r<s.length;r++)(t=(e=s[r]).getAttribute("data-secret"))||(t=Math.random().toString(36).substring(2,12),e.src+="#?secret="+t,e.setAttribute("data-secret",t)),e.contentWindow.postMessage({message:"ready",secret:t},"*")},!1)))}(window,document);
//# sourceURL=https://www.eim.com/es/wp-includes/js/wp-embed.min.js
/* ]]> */
</script>

En EIM España - Executive Interim Management estamos encantados de anunciar que el fondo de inversión idiCo (anteriormente conocido como Omnes) acaba de adquirir una participación minoritaria en EIM Group. Esta asociación impulsará el objetivo de reforzar nuestro liderazgo en Europa...
